 base 8, what is 5026740 + 5?
5026745
In base 13, what is -2 - -201a?
2018
In base 10, what is 8154 + 5?
8159
In base 2, what is -1010010111100 + 11010?
-1010010100010
In base 4, what is 3320022 + 321?
3321003
In base 10, what is 0 + 58783?
58783
In base 3, what is -11002012 + 2101?
-10222211
In base 5, what is 113240340 - -4?
113240344
In base 4, what is -21030033 + 1?
-21030032
In base 4, what is 31213220 + 3?
31213223
In base 2, what is 0 - 10010110100000101?
-10010110100000101
In base 9, what is 300757 + 3?
300761
In base 12, what is 2184b - -5?
21854
In base 5, what is -12042 - -2?
-12040
In base 14, what is -64c1cb - 1?
-64c1cc
In base 8, what is 154500 + 2?
154502
In base 3, what is 22 - 22122201221?
-22122201122
In base 6, what is -143325 - -54?
-143231
In base 2, what is -10 + 10011110000?
10011101110
In base 9, what is -113560 - -4?
-113555
In base 12, what is 32 - -b75?
ba7
In base 14, what is -da9 - 16?
-dc1
In base 7, what is -123 - -602262?
602136
In base 4, what is -2202111001 + -10?
-2202111011
In base 2, what is 1111100110 + 110100000001?
1000011100111
In base 6, what is 10025 + 15454?
25523
In base 11, what is 340 + -924?
-594
In base 3, what is 1210120 - 20?
1210100
In base 16, what is 55875 + -4?
55871
In base 15, what is -7c08 - e?
-7c17
In base 15, what is -176 + 9?
-16c
In base 15, what is -2592 - a?
-259c
In base 2, what is -1000111 - 1100010?
-10101001
In base 14, what is 555 + 347?
89c
In base 2, what is 1100111 + 10010?
1111001
In base 10, what is 88 + -2216?
-2128
In base 16, what is 0 - -68a81?
68a81
In base 8, what is -7316 - -15?
-7301
In base 9, what is 3 + -4250?
-4246
In base 10, what is -43397 + 9?
-43388
In base 12, what is -b8202 + -1?
-b8203
In base 10, what is -15184 + 10?
-15174
In base 16, what is 0 - -5c1f?
5c1f
In base 6, what is -5 - 1133510?
-1133515
In base 8, what is -3 - -2753510?
2753505
In base 8, what is -3 + -25154?
-25157
In base 14, what is -58 + 1121?
10a7
In base 10, what is -71 - -1807?
1736
In base 16, what is -8 + 282f2?
282ea
In base 10, what is 2499 + 234?
2733
In base 12, what is 3 - b319?
-b316
In base 15, what is 2d + 3?
31
In base 10, what is 106 + 567?
673
In base 14, what is -d2 + -1b55?
-1c47
In base 14, what is -23b5 - -14?
-23a1
In base 7, what is -3 + 4553211?
4553205
In base 14, what is -2 - -1a84db?
1a84d9
In base 12, what is 2311 - 30?
22a1
In base 8, what is 110 + -165?
-55
In base 10, what is -1005322 + -3?
-1005325
In base 2, what is -101 + 10111100111010?
10111100110101
In base 4, what is 31332131 - 2?
31332123
In base 6, what is 5 + -111513?
-111504
In base 14, what is 0 - abc8?
-abc8
In base 13, what is 1a - 137?
-11a
In base 7, what is -111 + 2440?
2326
In base 9, what is -688747 - -3?
-688744
In base 15, what is 3760 + 9?
3769
In base 4, what is 13 - 1110223?
-1110210
In base 16, what is -67 - a4?
-10b
In base 8, what is 4 - 436367?
-436363
In base 11, what is -2a3 + 1525?
1232
In base 16, what is 19a3 + -1?
19a2
In base 9, what is 5 - -834711?
834716
In base 10, what is 87 - 1855?
-1768
In base 12, what is -14334 + 0?
-14334
In base 3, what is 1210 + -102021?
-100111
In base 15, what is 14 - c04a?
-c036
In base 16, what is 1e - 142?
-124
In base 9, what is 12 - -5201?
5213
In base 3, what is 21 - -10122011012?
10122011110
In base 16, what is 2 - 5afe?
-5afc
In base 4, what is 11 - 2020211?
-2020200
In base 15, what is 1775 + -4c?
1728
In base 14, what is 14 + -158a?
-1576
In base 6, what is 3 + -32323?
-32320
In base 4, what is -132022233 - -313?
-132021320
In base 15, what is -13 - 307c?
-3090
In base 12, what is 50 + -6886?
-6836
In base 7, what is -2 - 236121?
-236123
In base 15, what is 28be1 + 3?
28be4
In base 8, what is 76465 + -11?
76454
In base 16, what is -7 - f41d?
-f424
In base 13, what is 155a2 - 1?
155a1
In base 10, what is -494172 + 6?
-494166
In base 5, what is 1133 - -14333?
21021
In base 15, what is 2a49 + -3?
2a46
In base 4, what is 11 + -1111101?
-1111030
In base 9, what is -36814 + 0?
-36814
In base 8, what is 117 + 52275?
52414
In base 4, what is 1230112023 + -3?
1230112020
In base 7, what is 321 + 2635?
3256
In base 16, what is -102 + 37?
-cb
In base 9, what is 1615 - -71?
1686
In base 6, what is -12041 + -524?
-13005
In base 8, what is 23365704 - -4?
23365710
In base 15, what is -c5d - -13?
-c4a
In base 3, what is 0 - 122120?
-122120
In base 4, what is 100 + -2332130?
-2332030
In base 7, what is 3643 + 4135?
11111
In base 10, what is -5077 + -1?
-5078
In base 5, what is 410 + -224130?
-223220
In base 14, what is -2c6a0 - 2?
-2c6a2
In base 4, what is 13221011 + -11?
13221000
In base 10, what is 40073 + -5?
40068
In base 10, what is -428 - -180?
-248
In base 13, what is 141851 - 5?
141849
In base 10, what is 6 - -4083?
4089
In base 2, what is -110011100111010111 - -1?
-110011100111010110
In base 4, what is -31 - 13123001?
-13123032
In base 15, what is 255b - 7?
2554
In base 3, what is 0 + -1022200110000?
-1022200110000
In base 15, what is -15 + a950?
a93a
In base 6, what is -5 - 102325?
-102334
In base 7, what is -242603 - -5?
-242565
In base 9, what is 4585 - -687?
5383
In base 11, what is 12600 - -41?
12641
In base 6, what is -2 - 323342?
-323344
In base 15, what is -b - 19a7?
-19b3
In base 6, what is -552 + 13302?
12310
In base 14, what is -2c - -74?
46
In base 2, what is -110 + -1101?
-10011
In base 9, what is -85 + 31044?
30848
In base 6, what is -540114 + 5?
-540105
In base 13, what is 80 - 53a1?
-5321
In base 10, what is 5 - 1228255?
-1228250
In base 11, what is 25207 + -104?
25103
In base 5, what is 10224 - 114?
10110
In base 13, what is -23bc0 + -2c?
-23c1c
In base 12, what is -6 + 1553b?
15535
In base 9, what is 6152 + -263?
5778
In base 11, what is -3655 + 223?
-3432
In base 4, what is 201 - -2122223?
2123030
In base 16, what is 107 - -6ed?
7f4
In base 11, what is -62 + -2985?
-2a37
In base 2, what is 1 + 11101011011110?
11101011011111
In base 13, what is 399c7 + 4?
399cb
In base 6, what is -24 - 145330?
-145354
In base 13, what is 768 - -17?
782
In base 16, what is -e9fc + 0?
-e9fc
In base 8, what is 525 + -1044?
-317
In base 2, what is -111101001011 - 11011?
-111101100110
In base 2, what is 1000001 + 11011011111100?
11011100111101
In base 3, what is -120202120 - 10112?
-120220002
In base 13, what is a63c6 + 6?
a63cc
In base 11, what is -4 + -1762a?
-17633
In base 15, what is -cb8d - 4?
-cb92
In base 7, what is 25305 + -25?
25250
In base 5, what is -40222 + 334?
-34333
In base 7, what is -13031 + -346?
-13410
In base 9, what is -563640 + 3?
-563636
In base 11, what is 1229270 - 5?
1229266
In base 11, what is 7 + -2a55?
-2a49
In base 14, what is 3 + -18862?
-1885d
In base 15, what is 4ee + 82?
581
In base 15, what is -10ec - 43?
-1140
In base 14, what is 1 - -d689?
d68a
In base 16, what is -45f0d + -4?
-45f11
In base 4, what is -110233300 - 11?
-110233311
In base 14, what is 5 + 174d?
1754
In base 11, what is 69a21 - -2?
69a23
In base 8, what is -42 + -2677?
-2741
In base 7, what is -3121 + 126?
-2662
In base 6, what is -115105 - -202?
-114503
In base 2, what is 11 + 11100011110?
11100100001
In base 3, what is -1002020120 - 21?
-1002020211
In base 5, what is -211324203 - 0?
-211324203
In base 10, what is -4 - 18349?
-18353
In base 4, what is 2001202211 + 11?
2001202222
In base 14, what is 1a0 + -13a?
64
In base 15, what is 4137 - -8?
4140
In base 5, what is 40401033 - 1?
40401032
In base 10, what is -102 - 48809?
-48911
In base 11, what is -62a0 + 157?
-6144
In base 7, what is 63433631 + 5?
63433636
In base 12, what is -8b770 + 2?
-8b76a
In base 10, what is -45039 + 1?
-45038
In base 4, what is 2120 - 3223?
-1103
In base 13, what is 169 - 82?
b7
In base 12, what is -abbb + -5?
-b004
In base 8, what is -2012 + 3446?
1434
In base 14, what is -1331 + -7c?
-13ad
In base 8, what is -611 - 47?
-660
In base 10, what is -49286 - -51?
-49235
In base 7, what is 25 + 442?
500
In base 5, what is 22243 - 12403?
4340
In base 5, what is 3 + -13310042?
-13310034
In base 11, what is 469 - -214?
682
In base 5, what is 10104333 + 0?
10104333
In base 5, what is -3223423 + 0?
-3223423
In base 2, what is -100000 + -10011011001?
-10011111001
In base 2, what is -100 - -1110000100000011?
1110000011111111
In base 6, what is 24111 + -1012?
23055
In bas